{"id":3820,"date":"2023-07-09T17:06:17","date_gmt":"2023-07-09T22:06:17","guid":{"rendered":"https:\/\/unadp.ac.pa\/?page_id=3820"},"modified":"2025-09-23T00:32:49","modified_gmt":"2025-09-23T05:32:49","slug":"elementor-3820","status":"publish","type":"page","link":"https:\/\/unadp.ac.pa\/?page_id=3820","title":{"rendered":"Reacreditaci\u00f3n"},"content":{"rendered":"\t\t<div data-elementor-type=\"wp-page\" data-elementor-id=\"3820\" class=\"elementor elementor-3820\">\n\t\t\t\t\t\t<section class=\"elementor-section elementor-top-section elementor-element elementor-element-c72ba82 elementor-section-boxed elementor-section-height-default elementor-section-height-default\" data-id=\"c72ba82\" data-element_type=\"section\">\n\t\t\t\t\t\t<div class=\"elementor-container elementor-column-gap-default\">\n\t\t\t\t\t<div class=\"elementor-column elementor-col-100 elementor-top-column elementor-element elementor-element-cf6cc9d\" data-id=\"cf6cc9d\" data-element_type=\"column\">\n\t\t\t<div class=\"elementor-widget-wrap\">\n\t\t\t\t\t\t\t<\/div>\n\t\t<\/div>\n\t\t\t\t\t<\/div>\n\t\t<\/section>\n\t\t\t\t<section class=\"elementor-section elementor-top-section elementor-element elementor-element-04470f0 elementor-section-boxed elementor-section-height-default elementor-section-height-default\" data-id=\"04470f0\" data-element_type=\"section\">\n\t\t\t\t\t\t<div class=\"elementor-container elementor-column-gap-default\">\n\t\t\t\t\t<div class=\"elementor-column elementor-col-100 elementor-top-column elementor-element elementor-element-4d41fb7\" data-id=\"4d41fb7\" data-element_type=\"column\">\n\t\t\t<div class=\"elementor-widget-wrap elementor-element-populated\">\n\t\t\t\t\t\t<div class=\"elementor-element elementor-element-8775906 elementor-widget elementor-widget-spacer\" data-id=\"8775906\" data-element_type=\"widget\" data-widget_type=\"spacer.default\">\n\t\t\t\t<div class=\"elementor-widget-container\">\n\t\t\t\t\t<div class=\"elementor-spacer\">\n\t\t\t<div class=\"elementor-spacer-inner\"><\/div>\n\t\t<\/div>\n\t\t\t\t<\/div>\n\t\t\t\t<\/div>\n\t\t\t\t<div class=\"elementor-element elementor-element-5a6337e elementor-widget elementor-widget-spacer\" data-id=\"5a6337e\" data-element_type=\"widget\" data-widget_type=\"spacer.default\">\n\t\t\t\t<div class=\"elementor-widget-container\">\n\t\t\t\t\t<div class=\"elementor-spacer\">\n\t\t\t<div class=\"elementor-spacer-inner\"><\/div>\n\t\t<\/div>\n\t\t\t\t<\/div>\n\t\t\t\t<\/div>\n\t\t\t\t<div class=\"elementor-element elementor-element-e8995e3 elementor-widget elementor-widget-spacer\" data-id=\"e8995e3\" data-element_type=\"widget\" data-widget_type=\"spacer.default\">\n\t\t\t\t<div class=\"elementor-widget-container\">\n\t\t\t\t\t<div class=\"elementor-spacer\">\n\t\t\t<div class=\"elementor-spacer-inner\"><\/div>\n\t\t<\/div>\n\t\t\t\t<\/div>\n\t\t\t\t<\/div>\n\t\t\t\t<div class=\"elementor-element elementor-element-40c5a6b elementor-widget elementor-widget-heading\" data-id=\"40c5a6b\" data-element_type=\"widget\" data-widget_type=\"heading.default\">\n\t\t\t\t<div class=\"elementor-widget-container\">\n\t\t\t<h2 class=\"elementor-heading-title elementor-size-default\">Reacreditaci\u00f3n<\/h2>\t\t<\/div>\n\t\t\t\t<\/div>\n\t\t\t\t\t<\/div>\n\t\t<\/div>\n\t\t\t\t\t<\/div>\n\t\t<\/section>\n\t\t\t\t<section class=\"elementor-section elementor-top-section elementor-element elementor-element-48df0d9 elementor-section-boxed elementor-section-height-default elementor-section-height-default\" data-id=\"48df0d9\" data-element_type=\"section\">\n\t\t\t\t\t\t<div class=\"elementor-container elementor-column-gap-default\">\n\t\t\t\t\t<div class=\"elementor-column elementor-col-100 elementor-top-column elementor-element elementor-element-a374dd8\" data-id=\"a374dd8\" data-element_type=\"column\">\n\t\t\t<div class=\"elementor-widget-wrap elementor-element-populated\">\n\t\t\t\t\t\t<div class=\"elementor-element elementor-element-3cb3cd6 elementor-widget elementor-widget-image\" data-id=\"3cb3cd6\" data-element_type=\"widget\" data-widget_type=\"image.default\">\n\t\t\t\t<div class=\"elementor-widget-container\">\n\t\t\t\t\t\t\t\t\t\t\t\t\t<img fetchpriority=\"high\" decoding=\"async\" width=\"300\" height=\"297\" src=\"https:\/\/unadp.ac.pa\/wp-content\/uploads\/2021\/03\/4-300x297.png\" class=\"attachment-medium size-medium wp-image-2564\" alt=\"\" srcset=\"https:\/\/unadp.ac.pa\/wp-content\/uploads\/2021\/03\/4-300x297.png 300w, https:\/\/unadp.ac.pa\/wp-content\/uploads\/2021\/03\/4-100x100.png 100w, https:\/\/unadp.ac.pa\/wp-content\/uploads\/2021\/03\/4-600x594.png 600w, https:\/\/unadp.ac.pa\/wp-content\/uploads\/2021\/03\/4-150x150.png 150w, https:\/\/unadp.ac.pa\/wp-content\/uploads\/2021\/03\/4-768x760.png 768w, https:\/\/unadp.ac.pa\/wp-content\/uploads\/2021\/03\/4.png 1024w\" sizes=\"(max-width: 300px) 100vw, 300px\" \/>\t\t\t\t\t\t\t\t\t\t\t\t\t<\/div>\n\t\t\t\t<\/div>\n\t\t\t\t\t<\/div>\n\t\t<\/div>\n\t\t\t\t\t<\/div>\n\t\t<\/section>\n\t\t\t\t<section class=\"elementor-section elementor-top-section elementor-element elementor-element-d191155 elementor-section-boxed elementor-section-height-default elementor-section-height-default\" data-id=\"d191155\" data-element_type=\"section\">\n\t\t\t\t\t\t<div class=\"elementor-container elementor-column-gap-default\">\n\t\t\t\t\t<div class=\"elementor-column elementor-col-100 elementor-top-column elementor-element elementor-element-f9e2851\" data-id=\"f9e2851\" data-element_type=\"column\">\n\t\t\t<div class=\"elementor-widget-wrap elementor-element-populated\">\n\t\t\t\t\t\t<div class=\"elementor-element elementor-element-cb4857c elementor-widget elementor-widget-text-editor\" data-id=\"cb4857c\" data-element_type=\"widget\" data-widget_type=\"text-editor.default\">\n\t\t\t\t<div class=\"elementor-widget-container\">\n\t\t\t\t\t\t\tLa UNIVERSIDAD ABIERTA Y A DISTANCIA DE PANAM\u00c1 (UNADP) fue REACREDITADA por medio de la Resoluci\u00f3n N\u00b027 del 13 de diciembre 2022, emitida por el Consejo Nacional de Evaluaci\u00f3n y Acreditaci\u00f3n Universitaria de Panam\u00e1, demostrando as\u00ed el compromiso y calidad con la educaci\u00f3n paname\u00f1a que siempre ha mantenido desde su creaci\u00f3n hace 29 a\u00f1os.\n\nA nuestra comunidad UNIVERSITARIA, gracias por su apoyo. <br>\n\n<strong style=\"color: red; \">\u00a1JUNTOS LO LOGRAMOS!<\/strong>\t\t\t\t\t\t<\/div>\n\t\t\t\t<\/div>\n\t\t\t\t\t<\/div>\n\t\t<\/div>\n\t\t\t\t\t<\/div>\n\t\t<\/section>\n\t\t\t\t<section class=\"elementor-section elementor-top-section elementor-element elementor-element-f82cf49 elementor-section-boxed elementor-section-height-default elementor-section-height-default\" data-id=\"f82cf49\" data-element_type=\"section\">\n\t\t\t\t\t\t<div class=\"elementor-container elementor-column-gap-default\">\n\t\t\t\t\t<div class=\"elementor-column elementor-col-100 elementor-top-column elementor-element elementor-element-0bb933c\" data-id=\"0bb933c\" data-element_type=\"column\">\n\t\t\t<div class=\"elementor-widget-wrap elementor-element-populated\">\n\t\t\t\t\t\t<div class=\"elementor-element elementor-element-80861ae elementor-widget elementor-widget-image\" data-id=\"80861ae\" data-element_type=\"widget\" data-widget_type=\"image.default\">\n\t\t\t\t<div class=\"elementor-widget-container\">\n\t\t\t\t\t\t\t\t\t\t\t\t\t<img decoding=\"async\" width=\"1009\" height=\"1024\" src=\"https:\/\/unadp.ac.pa\/wp-content\/uploads\/2023\/07\/reacreditacion-foto-1009x1024.jpg\" class=\"attachment-large size-large wp-image-3824\" alt=\"\" srcset=\"https:\/\/unadp.ac.pa\/wp-content\/uploads\/2023\/07\/reacreditacion-foto-1009x1024.jpg 1009w, https:\/\/unadp.ac.pa\/wp-content\/uploads\/2023\/07\/reacreditacion-foto-296x300.jpg 296w, https:\/\/unadp.ac.pa\/wp-content\/uploads\/2023\/07\/reacreditacion-foto-768x779.jpg 768w, https:\/\/unadp.ac.pa\/wp-content\/uploads\/2023\/07\/reacreditacion-foto-600x609.jpg 600w, https:\/\/unadp.ac.pa\/wp-content\/uploads\/2023\/07\/reacreditacion-foto-100x100.jpg 100w, https:\/\/unadp.ac.pa\/wp-content\/uploads\/2023\/07\/reacreditacion-foto.jpg 1080w\" sizes=\"(max-width: 1009px) 100vw, 1009px\" \/>\t\t\t\t\t\t\t\t\t\t\t\t\t<\/div>\n\t\t\t\t<\/div>\n\t\t\t\t\t<\/div>\n\t\t<\/div>\n\t\t\t\t\t<\/div>\n\t\t<\/section>\n\t\t\t\t<section class=\"elementor-section elementor-top-section elementor-element elementor-element-03b5527 elementor-section-boxed elementor-section-height-default elementor-section-height-default\" data-id=\"03b5527\" data-element_type=\"section\">\n\t\t\t\t\t\t<div class=\"elementor-container elementor-column-gap-default\">\n\t\t\t\t\t<div class=\"elementor-column elementor-col-50 elementor-top-column elementor-element elementor-element-aaade0c\" data-id=\"aaade0c\" data-element_type=\"column\">\n\t\t\t<div class=\"elementor-widget-wrap elementor-element-populated\">\n\t\t\t\t\t\t<div class=\"elementor-element elementor-element-cc3494d elementor-widget elementor-widget-image\" data-id=\"cc3494d\" data-element_type=\"widget\" data-widget_type=\"image.default\">\n\t\t\t\t<div class=\"elementor-widget-container\">\n\t\t\t\t\t\t\t\t\t\t\t\t\t<img decoding=\"async\" width=\"413\" height=\"681\" src=\"https:\/\/unadp.ac.pa\/wp-content\/uploads\/2023\/07\/Screenshot-2023-07-09-170612.webp\" class=\"attachment-large size-large wp-image-3822\" alt=\"\" srcset=\"https:\/\/unadp.ac.pa\/wp-content\/uploads\/2023\/07\/Screenshot-2023-07-09-170612.webp 413w, https:\/\/unadp.ac.pa\/wp-content\/uploads\/2023\/07\/Screenshot-2023-07-09-170612-182x300.webp 182w\" sizes=\"(max-width: 413px) 100vw, 413px\" \/>\t\t\t\t\t\t\t\t\t\t\t\t\t<\/div>\n\t\t\t\t<\/div>\n\t\t\t\t\t<\/div>\n\t\t<\/div>\n\t\t\t\t<div class=\"elementor-column elementor-col-50 elementor-top-column elementor-element elementor-element-2d79890\" data-id=\"2d79890\" data-element_type=\"column\">\n\t\t\t<div class=\"elementor-widget-wrap elementor-element-populated\">\n\t\t\t\t\t\t<div class=\"elementor-element elementor-element-fb068bc elementor-widget elementor-widget-image\" data-id=\"fb068bc\" data-element_type=\"widget\" data-widget_type=\"image.default\">\n\t\t\t\t<div class=\"elementor-widget-container\">\n\t\t\t\t\t\t\t\t\t\t\t\t\t<img loading=\"lazy\" decoding=\"async\" width=\"467\" height=\"770\" src=\"https:\/\/unadp.ac.pa\/wp-content\/uploads\/2023\/07\/Screenshot-2023-07-09-170706.webp\" class=\"attachment-large size-large wp-image-3823\" alt=\"\" srcset=\"https:\/\/unadp.ac.pa\/wp-content\/uploads\/2023\/07\/Screenshot-2023-07-09-170706.webp 467w, https:\/\/unadp.ac.pa\/wp-content\/uploads\/2023\/07\/Screenshot-2023-07-09-170706-182x300.webp 182w\" sizes=\"(max-width: 467px) 100vw, 467px\" \/>\t\t\t\t\t\t\t\t\t\t\t\t\t<\/div>\n\t\t\t\t<\/div>\n\t\t\t\t\t<\/div>\n\t\t<\/div>\n\t\t\t\t\t<\/div>\n\t\t<\/section>\n\t\t\t\t<\/div>\n\t\t","protected":false},"excerpt":{"rendered":"<p>Reacreditaci\u00f3n La UNIVERSIDAD ABIERTA Y A DISTANCIA DE PANAM\u00c1 (UNADP) fue REACREDITADA por medio de la Resoluci\u00f3n N\u00b027 del 13 de diciembre 2022, emitida por el Consejo Nacional de Evaluaci\u00f3n y Acreditaci\u00f3n Universitaria de Panam\u00e1, demostrando as\u00ed el compromiso y calidad con la educaci\u00f3n paname\u00f1a que siempre ha mantenido desde su creaci\u00f3n hace 29 a\u00f1os. [&hellip;]<\/p>\n","protected":false},"author":1,"featured_media":0,"parent":0,"menu_order":0,"comment_status":"closed","ping_status":"closed","template":"","meta":{"site-sidebar-layout":"no-sidebar","site-content-layout":"page-builder","ast-site-content-layout":"","site-content-style":"default","site-sidebar-style":"default","ast-global-header-display":"","ast-banner-title-visibility":"","ast-main-header-display":"","ast-hfb-above-header-display":"","ast-hfb-below-header-display":"","ast-hfb-mobile-header-display":"","site-post-title":"disabled","ast-breadcrumbs-content":"","ast-featured-img":"disabled","footer-sml-layout":"","theme-transparent-header-meta":"default","adv-header-id-meta":"","stick-header-meta":"","header-above-stick-meta":"","header-main-stick-meta":"","header-below-stick-meta":"","astra-migrate-meta-layouts":"default","ast-page-background-enabled":"default","ast-page-background-meta":{"desktop":{"background-color":"var(--ast-global-color-4)","background-image":"","background-repeat":"repeat","background-position":"center center","background-size":"auto","background-attachment":"scroll","background-type":"","background-media":"","overlay-type":"","overlay-color":"","overlay-opacity":"","overlay-gradient":""},"tablet":{"background-color":"","background-image":"","background-repeat":"repeat","background-position":"center center","background-size":"auto","background-attachment":"scroll","background-type":"","background-media":"","overlay-type":"","overlay-color":"","overlay-opacity":"","overlay-gradient":""},"mobile":{"background-color":"","background-image":"","background-repeat":"repeat","background-position":"center center","background-size":"auto","background-attachment":"scroll","background-type":"","background-media":"","overlay-type":"","overlay-color":"","overlay-opacity":"","overlay-gradient":""}},"ast-content-background-meta":{"desktop":{"background-color":"var(--ast-global-color-5)","background-image":"","background-repeat":"repeat","background-position":"center center","background-size":"auto","background-attachment":"scroll","background-type":"","background-media":"","overlay-type":"","overlay-color":"","overlay-opacity":"","overlay-gradient":""},"tablet":{"background-color":"var(--ast-global-color-5)","background-image":"","background-repeat":"repeat","background-position":"center center","background-size":"auto","background-attachment":"scroll","background-type":"","background-media":"","overlay-type":"","overlay-color":"","overlay-opacity":"","overlay-gradient":""},"mobile":{"background-color":"var(--ast-global-color-5)","background-image":"","background-repeat":"repeat","background-position":"center center","background-size":"auto","background-attachment":"scroll","background-type":"","background-media":"","overlay-type":"","overlay-color":"","overlay-opacity":"","overlay-gradient":""}},"footnotes":""},"class_list":["post-3820","page","type-page","status-publish","hentry"],"_links":{"self":[{"href":"https:\/\/unadp.ac.pa\/index.php?rest_route=\/wp\/v2\/pages\/3820"}],"collection":[{"href":"https:\/\/unadp.ac.pa\/index.php?rest_route=\/wp\/v2\/pages"}],"about":[{"href":"https:\/\/unadp.ac.pa\/index.php?rest_route=\/wp\/v2\/types\/page"}],"author":[{"embeddable":true,"href":"https:\/\/unadp.ac.pa\/index.php?rest_route=\/wp\/v2\/users\/1"}],"replies":[{"embeddable":true,"href":"https:\/\/unadp.ac.pa\/index.php?rest_route=%2Fwp%2Fv2%2Fcomments&post=3820"}],"version-history":[{"count":13,"href":"https:\/\/unadp.ac.pa\/index.php?rest_route=\/wp\/v2\/pages\/3820\/revisions"}],"predecessor-version":[{"id":4395,"href":"https:\/\/unadp.ac.pa\/index.php?rest_route=\/wp\/v2\/pages\/3820\/revisions\/4395"}],"wp:attachment":[{"href":"https:\/\/unadp.ac.pa\/index.php?rest_route=%2Fwp%2Fv2%2Fmedia&parent=3820"}],"curies":[{"name":"wp","href":"https:\/\/api.w.org\/{rel}","templated":true}]}}